{"id":51,"date":"2019-07-15T22:34:03","date_gmt":"2019-07-15T22:34:03","guid":{"rendered":"http:\/\/rotarydemo.fi.wp1.kotisivut.com\/?page_id=51"},"modified":"2025-08-08T09:11:17","modified_gmt":"2025-08-08T09:11:17","slug":"hallitus","status":"publish","type":"page","link":"https:\/\/nakkilanrotaryklubi.fi\/?page_id=51","title":{"rendered":"Hallitus"},"content":{"rendered":"<p dir=\"ltr\"><span style=\"font-size: large;\"><strong>NAKKILAN ROTARYKLUBI RY<\/strong><\/span><\/p>\n<p dir=\"ltr\"><span style=\"font-size: medium;\">D 1410 ## 2<\/span><\/p>\n<p dir=\"ltr\"><span style=\"font-size: medium;\">RI 19.11.1971 9948<\/span><\/p>\n<p dir=\"ltr\"><span style=\"font-size: medium;\">Kummiklubi: Harjavalta<\/span><\/p>\n<table border=\"0\" width=\"380\" cellspacing=\"0\" cellpadding=\"0\">\n<colgroup>\n<col width=\"64\" \/>\n<col width=\"145\" \/>\n<col width=\"107\" \/>\n<col width=\"64\" \/><\/colgroup>\n<tbody>\n<tr>\n<td align=\"left\" valign=\"top\" height=\"17\"><\/td>\n<\/tr>\n<tr>\n<td colspan=\"2\"><span style=\"font-size: small;\">ROTARYINTERNATIONAL<\/span><\/td>\n<\/tr>\n<tr>\n<td><span style=\"font-size: small;\">District 1410 Finland<\/span><\/td>\n<\/tr>\n<tr>\n<td><span style=\"font-size: small;\">Francesco Arezzo<\/span><\/td>\n<td><span style=\"font-size: small;\">\u00a0Presidentti RI<\/span><\/td>\n<\/tr>\n<tr>\n<td><span style=\"font-size: small;\">Matti Hakoila<\/span><\/td>\n<td><span style=\"font-size: small;\">DG<\/span><\/td>\n<\/tr>\n<tr>\n<td><span style=\"font-size: small;\">Marko Pakarinen<\/span><\/td>\n<td><span style=\"font-size: small;\">AG<\/span><\/td>\n<\/tr>\n<tr>\n<td colspan=\"2\"><span style=\"font-size: small;\">NAKKILAN ROTARYKLUBI RY:n kokoukset joka kuukauden 1. ja 3. keskiviikko klo 17 Op Nakkila kokoustilat<\/span><\/td>\n<\/tr>\n<tr>\n<td colspan=\"3\"><\/td>\n<\/tr>\n<tr>\n<td colspan=\"2\"><\/td>\n<\/tr>\n<\/tbody>\n<\/table>\n<table width=\"405\">\n<tbody>\n<tr>\n<td colspan=\"2\" width=\"307\">Nakkilan Rotaryklubi virkailijat 2025-2026<\/td>\n<td width=\"98\"><\/td>\n<\/tr>\n<tr>\n<td>Presidentti<\/td>\n<td>Jussi Kuvaja<\/td>\n<td><\/td>\n<\/tr>\n<tr>\n<td>Past Presidentti<\/td>\n<td>Pasi Ranne<\/td>\n<td><\/td>\n<\/tr>\n<tr>\n<td>Tuleva presidentti<\/td>\n<td>Ari Stjerna<\/td>\n<td><\/td>\n<\/tr>\n<tr>\n<td>Varapresidentti<\/td>\n<td>Pasi Ranne<\/td>\n<td><\/td>\n<\/tr>\n<tr>\n<td>1. Sihteeri<\/td>\n<td>Jari Hakulinen<\/td>\n<td><\/td>\n<\/tr>\n<tr>\n<td>2. Sihteeri<\/td>\n<td>Jari Asikainen<\/td>\n<td><\/td>\n<\/tr>\n<tr>\n<td>1. Klubimestari<\/td>\n<td>Ari Stjerna<\/td>\n<td><\/td>\n<\/tr>\n<tr>\n<td>2. Klubimestari<\/td>\n<td>Timo Ruippo<\/td>\n<td><\/td>\n<\/tr>\n<tr>\n<td>Nuorisoasiamies<\/td>\n<td>Tapani Vaittinen<\/td>\n<td><\/td>\n<\/tr>\n<tr>\n<td>S\u00e4\u00e4ti\u00f6asiamies<\/td>\n<td>Jussi Kuvaja<\/td>\n<td><\/td>\n<\/tr>\n<tr>\n<td>Rahastonhoitaja<\/td>\n<td>Jari Hakkulinen<\/td>\n<td><\/td>\n<\/tr>\n<tr>\n<td>IT<\/td>\n<td>Jari Uoti<\/td>\n<td><\/td>\n<\/tr>\n<tr>\n<td>Toiminnantarkastaja<\/td>\n<td colspan=\"2\">Pekka Set\u00e4l\u00e4, Pekka Suomi<\/td>\n<\/tr>\n<\/tbody>\n<\/table>\n<table width=\"307\">\n<tbody>\n<tr>\n<td colspan=\"2\" width=\"307\">KYMMENEN VIIMEISINT\u00c4 PRESIDENTTI\u00c4<\/td>\n<\/tr>\n<tr>\n<td><\/td>\n<td><\/td>\n<\/tr>\n<tr>\n<td>2015-2016<\/td>\n<td>L\u00e4hteenlahti, Jyri<\/td>\n<\/tr>\n<tr>\n<td>2016-2017<\/td>\n<td>Arno Lipsanen<\/td>\n<\/tr>\n<tr>\n<td>2017-2018<\/td>\n<td>Mika Nurmi<\/td>\n<\/tr>\n<tr>\n<td>2018-2019<\/td>\n<td>Mika Uusitalo<\/td>\n<\/tr>\n<tr>\n<td>2019-2020<\/td>\n<td>Vesa Nurmi<\/td>\n<\/tr>\n<tr>\n<td>2020-2021<\/td>\n<td>Arno Lipsanen<\/td>\n<\/tr>\n<tr>\n<td>2021-2022<\/td>\n<td>Mikko M\u00e4kel\u00e4<\/td>\n<\/tr>\n<tr>\n<td>2022-2023<\/td>\n<td>Vesa Hakanen<\/td>\n<\/tr>\n<tr>\n<td>2023-2024<\/td>\n<td>Tapani Vaittinen<\/td>\n<\/tr>\n<tr>\n<td>2024-2025<\/td>\n<td>Pasi Ranne<\/td>\n<\/tr>\n<\/tbody>\n<\/table>\n<p><span style=\"font-size: medium;\">KUNNIAJ\u00c4SENET<\/span><\/p>\n<p><span style=\"font-size: medium;\">02 - Uusiniitty, Kalevi - maanmittaus- ja karttalaitos<br \/>\n<\/span><\/p>\n<p><span style=\"font-size: small;\"><span style=\"font-size: large;\">J\u00c4SENET<\/span><\/span><\/p>\n<p>J\u00e4senluettelo l\u00f6ytyy suojatuilta Intranet sivuilta<\/p>\n","protected":false},"excerpt":{"rendered":"<p>NAKKILAN ROTARYKLUBI RY D 1410 ## 2 RI 19.11.1971 9948 Kummiklubi: Harjavalta ROTARYINTERNATIONAL District 1410 Finland Francesco Arezzo \u00a0Presidentti RI Matti Hakoila DG Marko Pakarinen AG NAKKILAN ROTARYKLUBI RY:n kokoukset <a href=\"https:\/\/nakkilanrotaryklubi.fi\/?page_id=51\" class=\"more-link\">...jatka lukemista<span class=\"screen-reader-text\"> \"Hallitus\"<\/span><\/a><\/p>\n","protected":false},"author":1,"featured_media":0,"parent":0,"menu_order":0,"comment_status":"closed","ping_status":"closed","template":"","meta":{"footnotes":""},"class_list":["post-51","page","type-page","status-publish","h-entry","hentry","h-as-page"],"_links":{"self":[{"href":"https:\/\/nakkilanrotaryklubi.fi\/index.php?rest_route=\/wp\/v2\/pages\/51","targetHints":{"allow":["GET"]}}],"collection":[{"href":"https:\/\/nakkilanrotaryklubi.fi\/index.php?rest_route=\/wp\/v2\/pages"}],"about":[{"href":"https:\/\/nakkilanrotaryklubi.fi\/index.php?rest_route=\/wp\/v2\/types\/page"}],"author":[{"embeddable":true,"href":"https:\/\/nakkilanrotaryklubi.fi\/index.php?rest_route=\/wp\/v2\/users\/1"}],"replies":[{"embeddable":true,"href":"https:\/\/nakkilanrotaryklubi.fi\/index.php?rest_route=%2Fwp%2Fv2%2Fcomments&post=51"}],"version-history":[{"count":35,"href":"https:\/\/nakkilanrotaryklubi.fi\/index.php?rest_route=\/wp\/v2\/pages\/51\/revisions"}],"predecessor-version":[{"id":709,"href":"https:\/\/nakkilanrotaryklubi.fi\/index.php?rest_route=\/wp\/v2\/pages\/51\/revisions\/709"}],"wp:attachment":[{"href":"https:\/\/nakkilanrotaryklubi.fi\/index.php?rest_route=%2Fwp%2Fv2%2Fmedia&parent=51"}],"curies":[{"name":"wp","href":"https:\/\/api.w.org\/{rel}","templated":true}]}}